 the greatest common divisor of r and o.
7
Let f = 50 + -50. Suppose -4*b - 53*m + 40 = -57*m, -2*m - 4 = f. Calculate the greatest common factor of b and 328.
8
Suppose 5 = 2*w + 1. Let y be w + ((-276)/(-115))/(3/10). Calculate the greatest common factor of 260 and y.
10
Let t(r) = r**2 - 10*r + 13. Let c = -32 + 86. Let f = c + -41. Let h be t(f). What is the greatest common divisor of h and 26?
26
Let u(t) = t**2 - 12*t - 5 - 1 + 31. Let w be u(10). Calculate the greatest common factor of w and 20.
5
Let q be (((-168)/5)/(-4))/(96/11200). What is the greatest common factor of q and 14?
14
Let w = 27919 - 27808. Suppose 54 - 18 = 3*t. Let s = t + 25. What is the highest common factor of s and w?
37
Let t = -296 + 1187. Suppose -s = 30*g - 28*g - 594, 0 = 3*g + 3*s - t. Let u(m) = 32*m**2 + 1. Let f be u(-1). Calculate the highest common divisor of f and g.
33
Suppose 31*k - 1278 = -12686. Let f = k + 400. Calculate the highest common divisor of 12 and f.
4
Suppose q - 4*q = -456. Suppose -7*j - 38 = -8*j. Suppose 10*t = 12*t - j. What is the greatest common divisor of q and t?
19
Let q(w) = w**3 - 2*w**2 + 8*w - 1. Let s be q(8). Let g = -203 + s. Let k = -119 + g. What is the highest common divisor of 25 and k?
25
Let j be 3*(60/(-9))/(-4)*-10. Let r = -32 - j. Let f be (-48)/(-20) - (-6)/(-15). What is the greatest common factor of r and f?
2
Let b = -33771 + 52051. What is the greatest common divisor of 120 and b?
40
Suppose 4*d = -2*y + 91 - 23, 169 = 4*y - 3*d. Suppose y = 10*x - 420. What is the highest common factor of x and 874?
46
Let r(j) = -j**3 + 9*j**2 - 15*j + 18. Let h be r(7). Suppose 0 = -12*l + 11*l + h. What is the greatest common divisor of 121 and l?
11
Suppose 3*s + 2*m - 22 = 0, 5*m = -6*s + 5*s + 16. Suppose -289 = -k + 5*w, 293 = k + s*w - 7*w. Calculate the greatest common divisor of k and 14.
14
Suppose -106*u + 1890 = -169*u + 105*u. What is the greatest common divisor of u and 29265?
15
Suppose -20*q + 26312 = q + 83*q. Let w = -50 - -72. Calculate the greatest common factor of w and q.
11
Let g(w) be the first derivative of -w**4/4 - 4*w**3/3 - 19*w**2/2 - 16*w + 18. Let j be g(-6). What is the greatest common factor of j and 68?
34
Suppose 0 = -22*b - 8*b + 570. Suppose -m + 13 = 3*z + z, -2*z + b = 3*m. Calculate the greatest common factor of 62 and z.
2
Let y(t) = 42*t + 27. Let i be y(2). Let b be i - -4*4/16. Suppose 4*s - 2*x - 42 = s, 5*x - 14 = -s. What is the greatest common divisor of s and b?
14
Suppose -13393 = -25*x - 12743. Calculate the highest common factor of x and 2639.
13
Let m be ((-3406)/(-16) - (-87)/696) + 14/2. Calculate the highest common factor of 8415 and m.
55
Suppose 0 = n + 55 - 354. What is the greatest common factor of 69 and n?
23
Let a(z) = -98*z - 1210. Let k be a(-13). Calculate the highest common factor of 52 and k.
4
Let k = -25 + 29. Let w be (-6)/(-16)*k*4. Let f be (44 - 28/(-7))/1. What is the highest common factor of f and w?
6
Suppose 0 = -11*i + 15*i. Suppose 4*t + 14 = -2*q, t + 11 = -i*q + 2*q. Suppose q*g = 4*g, 3*v - 150 = g. Calculate the highest common divisor of 75 and v.
25
Suppose 2*u - 7 = -5*a, 2*a = 5 - 7. Calculate the greatest common divisor of 2013 and u.
3
Let j = 4977 + -4761. Calculate the highest common factor of j and 4968.
216
Suppose 0 = -111*x + 42123 + 1111 - 1609. Calculate the highest common factor of 300 and x.
75
Let m be 23101/3 + 14/(-42). Let k be m/264 + (-2)/(-24)*-2. Calculate the highest common divisor of 667 and k.
29
Let u be (-10)/725*-29 + 0 + 45748/5. What is the greatest common divisor of 50 and u?
50
Let n(l) = 2*l**3 - 2*l**2 - 10*l + 28. Let v(c) = c**3 + 7*c**2 - 33. Let s be v(-6). Let g be n(s). What is the highest common divisor of g and 153?
17
Let w be (-2 - 10/(-4)) + 5/2. Let i be (16/w)/(21/315). Let c = -18 + 38. What is the greatest common divisor of c and i?
20
Let k(f) = -3*f**3 - 1043*f + 1043*f - 3. Let s be k(-4). What is the highest common factor of 54 and s?
27
Let c be ((-240)/200)/((-3)/(15/2)) - -3129. Calculate the greatest common divisor of 18 and c.
18
Suppose 5*p = 29 + 16. Suppose -p*m + 5*m + 16 = 0. Suppose -7*s + m*s = -36. What is the greatest common factor of 4 and s?
4
Let u(l) = -2*l**3 - 14*l**2 + 26*l + 10. Let h be u(-9). Calculate the highest common divisor of h and 370.
10
Suppose -3*q + 8*q - 270 = 0. Let l be (8/(-10))/((-80)/1800). Calculate the highest common factor of l and q.
18
Let m(d) = 2*d**3 - 18*d**2 + 16*d + 39. Let w be m(15). What is the greatest common factor of 9 and w?
9
Suppose 66 = 5*p - 44. Let j be ((-13)/(390/40))/(82/(-23001)). What is the highest common divisor of p and j?
22
Let p = 89 - -216. Suppose 3*u - 509 = -u - 3*i, 889 = 7*u + 5*i. Calculate the greatest common factor of u and p.
61
Let n = 95295 - 95247. Let h(z) = -2*z - 4. Let j be h(-4). Let v(l) = l**3 - 3*l**2 - l. Let d be v(j). Calculate the greatest common divisor of n and d.
12
Suppose t - 4*s = 2*t - 292, 0 = -3*s + 3. Suppose -252 = 5*g + t. Let j be g/(-10) - 12/15. Calculate the highest common divisor of 90 and j.
10
Suppose -286*s = -20092 - 30530. What is the greatest common divisor of s and 21?
3
Let s = 3345 + -3281. Calculate the greatest common divisor of 1 and s.
1
Suppose -881 = -2099*f + 2096 - 878. Let s(x) = -x + 2. Let c be s(-3). Let n be (0 - -2)*c/2. Calculate the greatest common factor of n and f.
1
Let v be 24/(-10) - (36712/(-130) + -32). Let n = -35 - -59. Calculate the highest common factor of n and v.
24
Suppose 41*g = -10 + 297. Let t be 6/2 - (-11084)/34. Calculate the greatest common divisor of t and g.
7
Suppose w + 23 = 4*r, -3*r + 21 + 94 = -5*w. Let o be w/((-4)/(-48)*-3). Calculate the highest common divisor of 8 and o.
4
Suppose -8540 = 38*v - 18*v. Let c = v + 435. Calculate the highest common divisor of 24 and c.
8
Suppose -3*r = 14 - 134. Let h(y) = -y**2 + 10*y + 15. Let w be (-12)/16 - 423/(-36). Let n be h(w). Calculate the greatest common divisor of r and n.
4
Suppose 2*d + 21 - 57 = 4*y, 4*y = 3*d - 64. Let x be d/(-3 - (-284)/92). Calculate the highest common factor of 14 and x.
14
Suppose 0 = 2*m - g - 429 - 465, m + 5*g = 447. Let p = -396 + m. What is the greatest common factor of p and 102?
51
Let c(x) = x**2 - 24*x + 25. Let l be c(25). What is the highest common factor of 535 and l?
5
Let k = 358 - -67. Calculate the greatest common divisor of k and 250.
25
Suppose 8 - 2 = -2*o, -4*b - o = -557. Let p be ((-3080)/(-715))/(9/117). What is the greatest common divisor of p and b?
28
Let a be 84/(-105)*84*(-60)/9. Calculate the greatest common divisor of a and 42.
14
Let z(l) = 4*l**2 + 13*l - 38. Let t be z(3). Suppose 8*a + 5 = 13*a, t = 5*y + 2*a. What is the greatest common factor of 35 and y?
7
Let s = 22914 - 16605. Calculate the greatest common factor of 36 and s.
9
Let q = -13994 - -14064. Calculate the greatest common factor of q and 784.
14
Suppose a - 6*a = 60. Let z be 36*(-2)/(a/(-27))*1. Let f = z - -270. What is the greatest common factor of 12 and f?
12
Let l = -99 + 118. Suppose l*v - 1024 = 17*v. What is the highest common factor of v and 64?
64
Let u = 8143 + -7421. Calculate the greatest common factor of u and 114.
38
Let l(z) = 26*z - 9. Suppose 3*k + 5*x - 431 = 0, -5*k + 2*x = 3*x - 733. Let h = k + -143. Let r be l(h). Calculate the greatest common factor of 38 and r.
19
Let x be ((-315)/175)/((-6)/40) + 278. Calculate the highest common divisor of x and 430.
10
Let t = 5 - 6. Let y be t*2*1 - -4. Let s be (-200)/60*(-15)/(5/1). What is the greatest common divisor of s and y?
2
Let n = 299 - 179. Let x be 450/(-60)*(-6)/(-5) - -174. What is the highest common factor of n and x?
15
Suppose -5*x - 763 = -4*l, -5*l + 5*x + 893 + 62 = 0. Suppose 8*q - l = -32. Let d be (-176)/(-6) - 8/(-12). What is the highest common divisor of d and q?
10
Suppose -2*w = 3*m - 4644, -24 = 61*m - 65*m. What is the greatest common divisor of 12 and w?
3
Suppose 48*w - 66*w = -21*w + 243. Suppose -194 = 3*b + 4*s, -b + 3*s - s - 78 = 0. Let o be 1/4 - b/8. Calculate the greatest common divisor of o and w.
9
Suppose -o + 6 = 2*a, -54 = -96*a + 91*a + 4*o. What is the greatest common divisor of 639 and a?
3
Let d = 21873 - 19745. What is the hig